st common factor of l and c?
11
Suppose 15*c - 86*c = -7242. Calculate the greatest common factor of c and 7820.
34
Let f(w) = 2*w + 10 + 7 - 11. Let h be f(1). Calculate the highest common divisor of 136 and h.
8
Let b(u) = -u**2 + 8*u + 3. Let y = 164 + -164. Let n be b(y). Suppose -4*l = 3*x - 113, -3*x = 2*x - 3*l - 198. Calculate the highest common factor of n and x.
3
Suppose -m + 1 = -8. Let o be (-54)/189 - -2*(-8)/(-7). Suppose -2*p + p + 184 = 3*c, -3*p + 111 = o*c. What is the highest common factor of m and c?
9
Let u be 0/(-1)*(-2 + 1). Suppose 30*l - 32*l = u. Suppose -b - 4*b + 25 = l. What is the highest common divisor of b and 20?
5
Suppose 37*w - 32*w + 5*b = 16275, -5*w + 16255 = b. Calculate the highest common factor of w and 78.
26
Let w be (6/(-28) - (-14)/(-49))*0. Suppose w = -2*g + 40 + 26. Let o be (g/55)/(2/60). What is the greatest common factor of o and 36?
18
Let g be ((-2952)/(-820))/((-239)/240 + 1). Let b = g - 768. Calculate the greatest common divisor of b and 6.
6
Let p = 10 - 2. Let g = 222 - 218. Suppose g*b = 7*b - 168. Calculate the greatest common divisor of b and p.
8
Let z be ((-2)/(-3))/((-4)/138). Let b be (-18)/7*(z - -2). Calculate the highest common divisor of b and 54.
54
Let m(h) = -h + 29. Let w = 104 - 100. Suppose 2*z - 42 + 16 = w*r, z - 21 = -2*r. Let i be m(z). What is the highest common divisor of i and 84?
12
Let r(x) = 5*x - 3. Let y be r(5). Let t be (0 - 7 - -5) + 0/(-1). Let l be 12/(-15)*5/t. Calculate the highest common factor of l and y.
2
Suppose -20*o + 30917 + 102943 = 0. Suppose -34*f + 9287 = -o. What is the greatest common factor of 10 and f?
10
Let o = 4618 + -1751. What is the highest common divisor of o and 183?
61
Let z(r) = r**2 - 4*r + 23. Suppose 0 = -4*w - 20, -w = -3*c - 3*w - 31. Let a be z(c). Let h be 2/5 + 3560/a. What is the highest common factor of 90 and h?
18
Let t be 86/18 + -5 + (-47)/(-9). Suppose 4*j + 5*c - 1137 = 0, -t*j + 1148 = -3*c - 301. Calculate the greatest common divisor of j and 18.
18
Let y(f) = 2*f**2 + 79*f - 147. Let n be y(-42). What is the greatest common divisor of n and 161?
7
Let f be (-6)/10 + 360/(-16)*624/(-150). What is the greatest common factor of f and 21731?
31
Let j = 8767 - 8031. What is the greatest common divisor of j and 345?
23
Suppose i = 6*i - 510. Let q be -1 - 9/(-27) - (-14)/3. Suppose -f + q*f - 18 = -2*p, 4*f = 8. What is the highest common factor of i and p?
6
Let c(d) = 4*d + 16. Suppose -4*f - 3*s - 15 = 0, -f + 5*s = -12 - 13. Let u be c(f). What is the highest common factor of 496 and u?
16
Suppose -37*v + 2400 = -12*v. Calculate the greatest common factor of 348 and v.
12
Let a = -1239 + 1238. Suppose -2*y + 2*w = y - 5, -2*y = 3*w - 12. Let r be a*9*(-2)/y + 4. What is the greatest common divisor of r and 4?
2
Suppose -1038 = 3*b - 3*f, -b - 5*f + 122 = 462. Let z = -324 - b. Let r be 4*-7*1/(-4). Calculate the greatest common factor of z and r.
7
Let s = 5928 - 5910. What is the greatest common factor of s and 3114?
18
Let o(r) = r**3 - 2*r**2 - 11*r - 14. Let b be o(5). Let m(y) = y**3 + 8*y**2 - 17*y - 2. Let w be m(b). What is the highest common factor of w and 500?
100
Suppose -16*p + 196 = 36. Let l(v) = -v - 1. Let f(o) = 6*o + 12. Let w(d) = -f(d) - 9*l(d). Let m be w(6). Calculate the highest common factor of p and m.
5
Suppose -5*q + 5*x + 250 + 835 = 0, -5*x = -15. Suppose -3*f - q + 744 = o, -4*f = 4*o - 688. Calculate the greatest common divisor of f and 16.
16
Let c be -4 + (-1 - (-8)/1 - -1005). Calculate the greatest common divisor of c and 896.
112
Let m = -29 - -48. Let w(l) = -3*l**3 + 234*l**2 + 3*l - 177. Let c be w(78). What is the greatest common factor of m and c?
19
Suppose 233 = -5*q - m + 244, 3*m = q - 15. What is the greatest common factor of q and 2031?
3
Suppose -13*v + 18 = 265. Let m be 5 + (-2)/(-6)*(19 + v). Suppose 3*x + 463 = 5*b, -m*b + 4*b + 4*x = -79. Calculate the greatest common divisor of 5 and b.
5
Suppose -3*h - 77 + 95 = 0. Suppose -2*i + 5*j + 31 = 0, -5*i - 4*j = 19 - 113. What is the greatest common divisor of i and h?
6
Let g = 5 - 5. Suppose g = -4*y + 3*x + 156, -y + 12 = -4*x - 14. Let s = 25156 - 25135. What is the greatest common divisor of y and s?
21
Let c(t) be the first derivative of -t**3/3 + 28*t**2 + 148*t - 80. Let p be c(20). Calculate the greatest common factor of p and 28.
28
Suppose 3*k + 8*k - 1397 = 0. Let r = -124 + k. Suppose z + 3*o + 115 = 2*z, -185 = -2*z - r*o. What is the highest common divisor of 25 and z?
25
Suppose -5*g = 4*r + 2319, 0 = 2*r + 2*r - 4*g + 2364. Let z = -338 - r. Suppose -2*h + 236 = -z. Calculate the greatest common divisor of h and 22.
22
Let f = -5174 - -20959. What is the greatest common divisor of 105 and f?
35
Let r be (-12 - -6 - -4)/(4/(-6)). Suppose 5*a = 3*a + 8. Let c = a + 2. Calculate the highest common factor of c and r.
3
Let r = 1185 - 533. Suppose -o = -v + 324, 7*o + r = 2*v + 3*o. What is the greatest common divisor of 46 and v?
46
Let z(p) = -18216*p + 110000. Let t be z(6). Let b(s) = 13*s + 11. Let x be b(9). What is the highest common factor of x and t?
64
Let x = 942 + -566. Calculate the highest common divisor of 1598 and x.
94
Suppose -398*t + 1965 = -267*t. Calculate the greatest common factor of 25950 and t.
15
Suppose -127*o + 1622303 = 182631. What is the highest common divisor of 104 and o?
104
Let h(w) = -2*w**3 - 82*w**2 + 2*w + 7087. Let c be h(0). Calculate the greatest common factor of 57 and c.
19
Let q = 1355 - 1319. Let p(b) = b**2 - b - 6. Let d be p(-14). What is the greatest common divisor of q and d?
12
Suppose 4*u + 3335 = 30*u + 12*u - 9*u. Let g be (92/(-3))/(2/(-9)). Calculate the highest common divisor of g and u.
23
Let j be 3/12 - (-1486)/8. Suppose -162 = 7*i + 230. Let l = i + j. What is the highest common divisor of 26 and l?
26
Suppose z + 4*z - 450 = 0. Suppose -6 - 24 = -6*x. Let l be (x - 1) + (3 + 221)/4. Calculate the greatest common factor of l and z.
30
Suppose 0 = -3*i - 3*t + 118 - 2749, 3*i + 5*t = -2623. Let o be (-40)/200 - i/5. Calculate the greatest common factor of 44 and o.
44
Let f(g) = 25 + 3*g**2 - 2*g**2 - 36 + 6*g. Let i be f(-8). Let u be (1 - (-9 - -6)) + 16. Calculate the highest common divisor of u and i.
5
Suppose -3*c + 54 = 63. Let f be 51 + 6/c - 4/(-1). Suppose -d = -79 + 26. Calculate the greatest common factor of f and d.
53
Let h(d) = 57*d**3 + 5*d**2 - 63*d + 57. Let w be h(1). Let a = -115 - -213. What is the greatest common divisor of w and a?
14
Let j(h) = 5*h + 6. Let w be j(5). Suppose 129 = 32*l - w*l. What is the greatest common factor of l and 172?
43
Let c(n) = 2*n**2 + 66*n - 106. Let q be c(-36). What is the highest common divisor of 6 and q?
2
Let n(a) = -31*a + 331. Let p be n(9). Calculate the highest common factor of p and 7.
1
Let a = -545 + 622. What is the greatest common divisor of a and 275?
11
Let d be 14*((-14)/(-42) - 19/(-6)). Suppose -4*h - 7 = -4*k + d, k = -5*h + 2. What is the greatest common divisor of 420 and k?
12
Let a(t) = 77*t - 8384. Let l be a(109). Calculate the greatest common factor of 3525 and l.
3
Suppose 6*k = 5*k - k + 3248. What is the greatest common divisor of 280 and k?
56
Let k be 9/6*(-2600)/(-150). What is the greatest common divisor of k and 2?
2
Let d = -1662 - -1683. Suppose -4*u = -5*a - 189 - 848, 0 = -4*u - 4*a + 1028. Suppose 4*y - 414 - u = 0. What is the highest common divisor of d and y?
21
Let u = -34 + 71. Let t = -64 + u. Let g be (-246)/t - (-5)/(-45). What is the greatest common factor of 6 and g?
3
Suppose 2 + 12 = -4*u + a, -2*u + 4*a - 14 = 0. Let r = u + 31. Calculate the highest common divisor of r and 266.
14
Let o be 9505/25 + 13/(-65). Let d = o + -292. Let y = -29 - -51. What is the greatest common factor of d and y?
22
Let j be (5 - 1) + 9 + -8. Let g be (25/(750/(-48)))/((-1)/j). What is the highest common factor of g and 116?
4
Let a be (-629)/(-204)*-6*-2. Calculate the greatest common divisor of 8917 and a.
37
Suppose -2*n + 4*s = -504, 27*s - 25*s = -n + 232. What is the greatest common factor of n and 198?
22
Suppose -2796 = -l + o, -77*l = -73*l + 3*o - 11205. What is the greatest common divisor of l and 9?
9
Let q be (24/(-72))/(-2 + 163/81)